 10. Let q = -6 + p. Let b be ((-6)/q)/(1/120). What is the greatest common factor of b and 16?
16
Suppose 5*r - 4*l - 87 - 149 = 0, -5*r + l = -224. What is the greatest common factor of r and 66?
22
Suppose -2*p = 2*o - 22, 4*o - 5*o = 3*p - 25. Suppose -p*w + 28 = -3*w. What is the greatest common factor of w and 35?
7
Let x(w) = w**2 - 2*w + 2. Let a be x(0). What is the highest common factor of a and 1?
1
Suppose 5*y - 75 = 5*q, q - 2*q = 3*y - 33. What is the highest common factor of 24 and y?
12
Let i = -270 - -466. What is the greatest common factor of i and 28?
28
Let m be 2/(-8) + 100/16. Suppose m*k = 8*k. Suppose -5*z + 4*c + 117 = k, -z - c = -6*z + 108. What is the greatest common divisor of 14 and z?
7
Let x be 6/(18/39) + (-2 - 1). What is the greatest common factor of 30 and x?
10
Suppose 4*l = -l + 35. Suppose -5*t - m = -l - 5, 0 = 5*t - 3*m - 24. Calculate the highest common factor of 2 and t.
1
Let x = -5 - -8. Suppose x*f = 26 + 52. Suppose -5*n + f = 2*c, 0 = -2*c + c - 2*n + 14. What is the highest common factor of 162 and c?
18
Let y = -461 - -481. Suppose 4*s - 2*s = 4, -3*s + 26 = d. What is the highest common divisor of y and d?
20
Let d(y) = -y**2 + 13*y + 18. Let n be d(13). Calculate the highest common divisor of n and 9.
9
Let c = 3 - 6. Let b be 90*c*(-2)/12. Calculate the highest common factor of 9 and b.
9
Suppose 9 = 3*u + 3*m - 6, -u = 5*m - 9. Suppose -37 = -u*o - 2*b + 5*b, 5*o - 45 = 4*b. What is the highest common divisor of o and 13?
13
Suppose 3*r - 15 = 2*r. What is the greatest common factor of 135 and r?
15
Suppose -168 = -2*y - y - 3*j, -4*y + 3*j + 252 = 0. Suppose -3*u + u - v = -78, 4*u - 2*v = 140. Let k = u - 25. What is the highest common divisor of k and y?
12
Let w be 1 + 66 + (-2 - -1). Calculate the greatest common divisor of 6 and w.
6
Suppose 0 = 2*p - 11 + 3. Let a be (2 - 0)*6/p. Calculate the greatest common divisor of a and 1.
1
Let a = 4 - 1. Let h(y) = 9*y**2 - 2*y - 3. Let v be h(a). Suppose 2*x - d = 19, 29 = 2*x + 5*d - 4*d. Calculate the greatest common factor of x and v.
12
Suppose -5*f - 6 = b - 3, 3*b - 11 = 5*f. Let z be 5/1 - (0 + b). Suppose -z*c = -4*c + 98. Calculate the greatest common divisor of 14 and c.
14
Let s = -22 - -13. Let w = s + 17. Let t = -2 + 50. What is the highest common factor of w and t?
8
Suppose -4*o = -2*o - 14. Let m(x) = o*x + 6*x + 2 + 0*x. Let g be m(2). What is the highest common divisor of g and 70?
14
Suppose 2*u + b - 17 = 0, 2*b - 16 = -u - 0*b. Suppose 0 = -3*y + 51 - u. Calculate the greatest common factor of 15 and y.
15
Suppose 5*s - 39 - 46 = 0. Let y be 1*-9*(0 - -1). Let g = s + y. Calculate the highest common divisor of g and 2.
2
Let q = -2 + 9. Let p(c) = -c**3 + 10*c**2 - 8*c - 6. Let r be p(q). What is the highest common factor of r and 17?
17
Let n be (-5 - -1)/(4/(-6)). Let v = n - -2. Suppose 2*k - 3 = -1. Calculate the greatest common factor of k and v.
1
Let a(c) = -10*c - 1. Let k be a(-1). Let s = 2 + 1. Suppose -2*y + s = -k. Calculate the greatest common factor of y and 9.
3
Let s = 9 + -8. Let t be ((-7)/(-7))/(s/21). Calculate the highest common factor of t and 3.
3
Let r be ((-2)/6)/((-3)/54). Suppose -60 = -9*w + r*w. What is the highest common divisor of 5 and w?
5
Suppose -5*i - 12 = -8*i. Suppose b = 8 + i. Suppose 12 = p - b. Calculate the greatest common divisor of p and 6.
6
Let u(o) = -o**3 - 2*o**2 - 3*o + 2. Let t be u(-4). Calculate the highest common divisor of 115 and t.
23
Let n = 2 - -1. Suppose 0 = n*x + 26 - 107. What is the greatest common divisor of 54 and x?
27
Suppose 0 = -2*w - 5*u + 80, -w = -7*u + 3*u - 40. Calculate the highest common factor of 5 and w.
5
Suppose 0 = -s - 4*y + 64, 164 = 2*s - 0*y - y. Suppose -4*g + 4*x + 100 = g, -x - 100 = -5*g. Calculate the greatest common divisor of s and g.
20
Let h(a) = -a**3 - 6*a**2 - a - 6. Let w be h(-6). Suppose w = 2*b - 6*b. Let m be (-1)/(b - 2/100). Calculate the highest common factor of 20 and m.
10
Let k = 4 + -2. Suppose 3*z = 7 - 28. Let q = k - z. Calculate the greatest common divisor of q and 36.
9
Suppose 0 = -3*q + 16 - 1. Suppose 9 + 10 = u + 3*z, -5*z + q = 0. Suppose -476 = -9*o + 820. What is the highest common divisor of u and o?
16
Let k(m) = m + 5. Let q be k(5). Suppose -2*p - 28 + 128 = 0. What is the greatest common factor of q and p?
10
Suppose 2*m - x = 3*x + 14, 1 = m + x. What is the greatest common factor of m and 5?
1
Suppose 3*q - 23 = -2. What is the highest common factor of q and 7?
7
Suppose 0 = -2*y + k + 2, 0*k = 2*y - 2*k + 2. Suppose i + 4 = y*i. What is the highest common factor of 3 and i?
1
Let p be 47/(-2)*2 + 3. Let u = 21 - p. Calculate the greatest common divisor of u and 13.
13
Suppose 0 = -4*t - 2*o + 108, -5*t - 2*o + 135 = 2*o. What is the highest common divisor of 243 and t?
27
Let y = 40 + 26. Suppose -2*h = h. Suppose h*u - y = -3*u. Calculate the greatest common divisor of 33 and u.
11
Let r(t) = t**3 - 3*t**2 - 4*t - 11. Let c be r(5). What is the highest common divisor of 152 and c?
19
Suppose 0 = 6*g - g - 10. What is the highest common factor of 2 and g?
2
Suppose 0 = 3*m - 5*o - 12, -2*m - 5*o = -5 - 3. Let d = 5 - -5. What is the greatest common divisor of d and m?
2
Suppose -14 = -4*n + 18. What is the highest common factor of n and 16?
8
Suppose -12*k = -5*k - 28. Calculate the highest common factor of 52 and k.
4
Let x(j) = 37*j**3 - 1. Let n be x(1). Suppose -g = c - 88, -32 = -2*c + 2*g + 152. Let r be ((-2)/(-4))/(5/c). What is the greatest common divisor of r and n?
9
Let j(f) = f**2 - 5*f - 6. Let q be j(-3). What is the highest common divisor of 18 and q?
18
Let g = 4 + -2. Let u = 6 - g. What is the highest common divisor of u and 2?
2
Suppose 75 = 2*l + 71. Calculate the highest common factor of l and 46.
2
Let c be 292/10 - (6/(-10))/(-3). What is the highest common factor of c and 261?
29
Suppose t + 9 = 4*t. Suppose 0 = -4*p - a - 16 + 153, 4*a + 13 = p. Calculate the greatest common factor of p and t.
3
Let b(y) = 10*y**3. Let m be b(2). What is the greatest common divisor of m and 16?
16
Let o be 3/(-2)*(-1 + -1). Calculate the highest common divisor of 1 and o.
1
Let n be (-1079)/(-8) - 13/(-104). Calculate the greatest common divisor of n and 15.
15
Let p(f) = 3*f - 14. Let b be p(8). Calculate the highest common factor of 10 and b.
10
Let k be 1/((-14)/(-13) - 1). Let z be 1/(1812/904 - 2). Suppose -125 - z = -3*f. What is the greatest common divisor of f and k?
13
Suppose 14 = 2*j + 10. Calculate the highest common divisor of 20 and j.
2
Let s(p) = -p**2 + 6*p + 30. Let g be s(9). Calculate the highest common factor of 27 and g.
3
Suppose -5*y + 3*z = -32, 4*y - 17 = 2*y - 3*z. What is the highest common factor of y and 1?
1
Suppose -30 = 2*k + 190. Let v = 216 + k. Let t = v - 29. Calculate the greatest common factor of 11 and t.
11
Suppose -4*t + 4*i = 12, 2*t - 1 = 5*t - i. Calculate the greatest common factor of 2 and t.
1
Suppose -o = -u - 0*o, -o - 4 = 3*u. Let f be (0 - -1 - 2)/u. Let b be -36*f/(-2)*2. What is the greatest common factor of 24 and b?
12
Suppose 4*k + 0*k = 16. Let c be (-19)/(-2) - (-1)/2. What is the greatest common divisor of c and k?
2
Let w = -22 + 33. Let j be (0 + 0)/(1 - 2). Suppose 0 = -4*i - j*i + 220. What is the highest common divisor of i and w?
11
Let b = -10 + 18. Let n(d) = -2*d - 2. Let z be n(-2). Suppose 0 = -q - z*q + 168. Calculate the highest common divisor of b and q.
8
Suppose -2*i + 297 + 143 = 0. Suppose -i = -2*g - 3*g. Suppose -3*r = -j - 2, 5*j + 4 = r + 22. Calculate the greatest common factor of g and j.
4
Suppose -w + 4 = -2. Let q be 4*5 - 3 - 2. Let u be 1/(q/(-6) - -3). Calculate the highest common factor of u and w.
2
Let r be 0 + -2 + (-2 - -4). Let k be (-58)/(-6) + 2/6. Suppose r = 4*o - k - 6. Calculate the highest common divisor of 1 and o.
1
Suppose 50 + 110 = 4*b. What is the highest common factor of b and 200?
40
Let b = 2 + -2. Suppose -2*n + 4 + 12 = b. Let g(y) = -y**3 + 8*y**2 + y + 10. Let o be g(n). Calculate the highest common divisor of 9 and o.
9
Let r be 2/6 - 2680/(-15). Suppose -2*c = -4*x + 706, -x - c + 4*c + r = 0. Let g = -41 + 57. Calculate the greatest common divisor of g and x.
